e -k - 23 = -3*d. Suppose 5*c = d*c - 325. What is the highest common factor of 13 and c?
13
Let q = -1606 + 1866. Calculate the highest common factor of 104 and q.
52
Let x = 26393 - 22994. Calculate the greatest common factor of 927 and x.
309
Suppose 4*o - 18 = o. Let l = -867 + 870. Suppose -15 = -3*f + u, -o*u = -l*u. Calculate the highest common factor of f and 40.
5
Let b = 3214 + -1964. Suppose -3*x - 1178 + b = 0. Calculate the highest common factor of 78 and x.
6
Let v = 1879 + -1480. What is the highest common divisor of 147 and v?
21
Let i = 4908 + -4566. Calculate the greatest common divisor of 399 and i.
57
Let a = 638 - 472. What is the greatest common factor of a and 8?
2
Let y be (-2 - 66/(-17)) + (-6)/(-51). Let z be 6/3*63/y. Calculate the greatest common divisor of z and 14.
7
Let h = -11024 - -11172. Calculate the highest common divisor of h and 4699.
37
Let k be (-98)/(-6) + (-15)/45. Let b be 1/(-4) + 500/k + -5. Let h(u) = u**2 + 13*u - 38. Let w be h(-18). What is the highest common divisor of w and b?
26
Let t be (-9)/6 + (-5496)/(-16). Suppose -12*a = -t + 42. Calculate the highest common divisor of 15 and a.
5
Suppose -23 = 44*d - 771. Suppose -12*k + d*k = 155. Let z be (-186)/(-2)*(-20)/(-12). What is the highest common factor of z and k?
31
Suppose -6*d - 8*d + 65637 = 3*d. Calculate the highest common factor of d and 234.
117
Suppose -10518 - 32300 = -82*z + 7120. Calculate the greatest common divisor of z and 84.
21
Let r = 54 - 38. Suppose 7*j = -21 + 357. Calculate the highest common factor of j and r.
16
Suppose -4*n - 3*q + 93 + 1377 = 0, -4*q = 8. What is the highest common factor of n and 18?
9
Let k(w) = -3*w**2 - 6*w + 5. Let c be k(-5). Let z = 66 - c. What is the greatest common factor of 53 and z?
53
Suppose 4*y - 13231 = 5*z + 23238, -15 = 3*z. Calculate the greatest common factor of 3 and y.
3
Let q(c) = 375*c**2 + 5*c - 6. Let j be q(1). Suppose -315*h = -313*h - j. What is the greatest common divisor of h and 17?
17
Let v(f) = -50*f**2 + 28*f + 2 - f**3 + 14 + 33*f + 15*f + 35*f**2. Let o be v(-19). Let p be (-2)/8 + 257/4. What is the greatest common factor of o and p?
16
Suppose 15 - 7 = 2*a. Suppose 0 = -4*g + 5*k + 539, a*g + g + 3*k = 683. Calculate the highest common factor of 204 and g.
68
Suppose -2*t + 5*t = 45. Let l(c) = -c**3 + 17*c**2 - 12*c - 15. Let s be l(8). What is the greatest common divisor of s and t?
15
Suppose 5*y + 3*u - u - 25 = 0, 5*y = -3*u + 25. Let a(p) = p**3 - 9*p**2 - 35*p - 11. Let l be a(13). Calculate the greatest common factor of y and l.
5
Let c(z) = -z**3 - 11*z**2 - 25*z + 10. Let m be c(-4). Let o(h) = 35*h**2 - 13*h - 23. Let d be o(m). Calculate the highest common factor of d and 39.
13
Suppose 52 + 76 = 16*z. Suppose -z*p + 10*p = -2*w + 52, 5*p = -2*w + 58. What is the greatest common factor of 114 and w?
6
Let c be 0 + (-17)/((-833)/(-3080))*(-14 - 0). What is the greatest common divisor of c and 48?
16
Suppose 109*i + 127*i - 231*i - 1165 = 0. What is the greatest common factor of 2563 and i?
233
Suppose 11*h = -216 + 601. Let c(n) = n**3 - 4*n**2 + n + 3. Let m be c(4). Calculate the greatest common divisor of m and h.
7
Suppose 5*s - 22*i + 17*i = 60, 0 = 5*i + 45. What is the highest common factor of 3711 and s?
3
Let v(q) = -12 + 10*q - 7*q + 9*q - 7*q. Suppose -9 = -2*w - 2*z + 1, -19 = -3*w + z. Let o be v(w). Calculate the greatest common factor of 90 and o.
18
Let r = -5 - -10. Suppose -r - 37 = -14*w. Let z(d) = 15*d - 10. Let t be z(w). Calculate the highest common divisor of 7 and t.
7
Let g be 40326/45 - (9/(-9))/(30/(-4)). Calculate the highest common factor of 70 and g.
14
Let j(l) = -8*l**3 - 5*l**2 - 7*l - 3. Let d be j(-3). Suppose -18*f + 135 = -d. Suppose -3*w + 112 = -266. Calculate the highest common factor of f and w.
18
Let b(f) = 262*f + 2. Let m be b(1). Suppose -7*z + 4*z = -m. Let v(d) = -8*d + 64. Let p be v(7). Calculate the greatest common factor of p and z.
8
Suppose 0 = 12*o - 130 - 14. Let v be 6*(-2)/(-8)*80/o. Let d = -91 + 131. What is the highest common divisor of v and d?
10
Let d = 493 + -488. Suppose -3*r + 55 = 2*q - 67, -20 = -d*q. Calculate the greatest common factor of r and 247.
19
Let u = -1198 + 1686. What is the greatest common factor of 8 and u?
8
Suppose -15*p + 5473 = 1378. Let b = p + -245. Calculate the greatest common divisor of b and 42.
14
Suppose 110 = 2*a - 3*a. Suppose 2792*l = 2762*l - 1500. Let k = l - a. What is the greatest common divisor of k and 24?
12
Let k = -113 - -141. Suppose -243 = k*j - 887. What is the greatest common divisor of 115 and j?
23
Suppose -2*v - 6*f + 5*f = 5, f = -v - 4. Let d be (-546)/(-910) + v/5*-397. What is the greatest common divisor of d and 208?
16
Let a(t) = 932*t**2 + 121*t - 12. Let s be a(4). Calculate the highest common divisor of s and 48.
24
Let b = -899 - -906. What is the highest common factor of b and 679?
7
Let j = -165 - -56. Let z = j - -153. Calculate the greatest common divisor of 77 and z.
11
Let b = 248 - 239. Suppose -70 = 16*h - 21*h - 2*s, 3*s + b = 2*h. Suppose 0*k - k = -132. Calculate the highest common factor of k and h.
12
Let s(g) = 2*g**2 + 12*g - 10. Let p be s(-7). Suppose 4*v - 3*v + p*y - 42 = 0, 0 = -5*v - 2*y + 192. Calculate the greatest common factor of v and 4.
2
Let d = 4 + 0. Suppose 56 = 4*w - 5*o, -o = w + d*o - 39. Let r = w - 14. What is the highest common divisor of 2 and r?
1
Let f be 3*(3 + (-28)/12) + 82. Suppose 3*d = -v + 63, 4*d = 16*v - 11*v + f. Suppose 2*r + 0*r = 28. Calculate the highest common divisor of d and r.
7
Let n(p) = -p**3 - 5*p**2 - p - 7. Let o be n(-6). Let r = o - 31. Suppose 4*s - 20 = -i, 66 = 2*i + 5*s - 10*s. What is the highest common divisor of r and i?
4
Let j(i) = i + 11. Let p be j(-15). Let m be (9/(63/14))/(p/(-14)). Let x = -173 - -250. Calculate the highest common factor of x and m.
7
Suppose 505 = 5*p + 17*m - 22*m, 4*m = 2*p - 206. What is the highest common divisor of 2475 and p?
99
Let w(s) = -s**2 + 96*s - 1735. Let i be w(25). What is the highest common factor of i and 3880?
40
Let v = -12625 - -16412. What is the greatest common factor of v and 35?
7
Suppose -15*n = -30*n - 63*n + 23712. Calculate the greatest common factor of 16 and n.
16
Suppose 4*m = 4*o - o - 592, -2*m = -o + 194. Let w = -3526 + 2210. Let h = w + 1367. What is the greatest common factor of o and h?
51
Let w = -1643 + 4650. What is the greatest common divisor of w and 124?
31
Let w be (-231930)/4*(4/7)/((-126)/147). What is the greatest common factor of w and 90?
45
Suppose 2*i + 19 = -5*q, -4*i - 4*q - 10 = -2. Suppose -d + i*a = -32, -2*d + 3*a - 128 = -6*d. Calculate the highest common factor of d and 40.
8
Let x = -1081 - -770. Let l = 316 + x. What is the highest common divisor of 9 and l?
1
Let y = -14677 + 14705. Calculate the highest common divisor of 11900 and y.
28
Let f be (252/(-70) - -3) + 13/5. Let r be f/(-15) - 4/(180/(-6081)). Let g be (-2 + 0)/((-2)/54). What is the greatest common factor of r and g?
27
Let t = 199 + 1734. Suppose -t - 3490 = -17*f. Let v = 52 - 23. Calculate the greatest common factor of f and v.
29
Suppose -4*t = -0*t - 100. Suppose 76 = 5*u - 2*p - 510, 2*u - 275 = -5*p. Calculate the highest common factor of t and u.
5
Let k(j) = 183 + 27*j - 57 + 780*j**2 - 777*j**2. Let o be k(-15). What is the highest common divisor of o and 44?
44
Let z be 3456/(-28) - 6/(-14). Let m = z - -193. What is the greatest common factor of m and 560?
70
Suppose 3*p + 122 = z, 0 = -2*z + 3*p + 315 - 68. Let t be z/(-25) - (-21)/1. What is the greatest common factor of t and 1?
1
Suppose -3*k = 3*k - 102. Let n be -66 + 194 - 1/((-1)/8). What is the highest common factor of n and k?
17
Let t = -24780 - -35353. Calculate the highest common factor of t and 97.
97
Suppose 9457 = 12*a + 6*a + 1519. What is the greatest common divisor of 1281 and a?
21
Suppose -2*l + 860 = 2*f, -f - 45 + 487 = -5*l. What is the greatest common divisor of f and 405?
27
Let z(d) = -2*d + 154. Let t be z(17). Let s be (-2)/(-8) - 10/(t/(-4869)). Calculate the greatest common factor of 14 and s.
14
Let r be (-8625)/(-250)*(12/8)/((-6)/(-56)). Suppose -2*p + 10 = 2*a, -5*a - p = 2*p - 29. What is the highe